{"id":2870,"date":"2021-03-22T13:25:16","date_gmt":"2021-03-22T13:25:16","guid":{"rendered":"https:\/\/reseed.uc.pt\/?page_id=2870"},"modified":"2023-10-04T09:19:15","modified_gmt":"2023-10-04T09:19:15","slug":"publications-2","status":"publish","type":"page","link":"https:\/\/reseed.uc.pt\/index.php\/publications-2\/","title":{"rendered":"PUBLICATIONS"},"content":{"rendered":"<p>[et_pb_section fb_built=&#8221;1&#8243; fullwidth=&#8221;on&#8221; admin_label=&#8221;Section&#8221; _builder_version=&#8221;4.16&#8243; background_image=&#8221;https:\/\/reseed.uc.pt\/wp-content\/uploads\/2020\/04\/capa_library_laranja.jpg&#8221; da_disable_devices=&#8221;off|off|off&#8221; global_colors_info=&#8221;{}&#8221; da_is_popup=&#8221;off&#8221; da_exit_intent=&#8221;off&#8221; da_has_close=&#8221;on&#8221; da_alt_close=&#8221;off&#8221; da_dark_close=&#8221;off&#8221; da_not_modal=&#8221;on&#8221; da_is_singular=&#8221;off&#8221; da_with_loader=&#8221;off&#8221; da_has_shadow=&#8221;on&#8221;][et_pb_fullwidth_header text_orientation=&#8221;center&#8221; button_one_url=&#8221;#books&#8221; button_two_url=&#8221;#papers&#8221; background_overlay_color=&#8221;rgba(193,141,27,0.28)&#8221; logo_image_url=&#8221;https:\/\/reseed.uc.pt\/wp-content\/uploads\/2021\/03\/publications_.png&#8221; _builder_version=&#8221;4.21.0&#8243; content_font=&#8221;|300|on||||||&#8221; content_text_align=&#8221;center&#8221; content_font_size=&#8221;18px&#8221; content_line_height=&#8221;1.2em&#8221; background_enable_color=&#8221;off&#8221; background_image=&#8221;https:\/\/reseed.uc.pt\/wp-content\/uploads\/2021\/03\/publications.jpg&#8221; parallax=&#8221;on&#8221; custom_button_one=&#8221;on&#8221; button_one_text_size=&#8221;13px&#8221; button_one_text_color=&#8221;#FFFFFF&#8221; button_one_bg_color=&#8221;rgba(255,255,255,0)&#8221; button_one_border_width=&#8221;1px&#8221; button_one_border_radius=&#8221;0px&#8221; button_one_use_icon=&#8221;off&#8221; button_one_custom_margin=&#8221;50px||||false|false&#8221; button_one_custom_margin_tablet=&#8221;20px||||false|false&#8221; button_one_custom_margin_phone=&#8221;0px||||false|false&#8221; button_one_custom_margin_last_edited=&#8221;on|tablet&#8221; custom_button_two=&#8221;on&#8221; button_two_text_size=&#8221;13px&#8221; button_two_text_color=&#8221;#FFFFFF&#8221; button_two_bg_color=&#8221;RGBA(0,0,0,0)&#8221; button_two_border_width=&#8221;1px&#8221; button_two_border_radius=&#8221;0px&#8221; button_two_use_icon=&#8221;off&#8221; width=&#8221;100%&#8221; max_width=&#8221;100%&#8221; height=&#8221;500px&#8221; height_tablet=&#8221;&#8221; height_phone=&#8221;&#8221; height_last_edited=&#8221;on|phone&#8221; max_height=&#8221;1000px&#8221; custom_margin=&#8221;-50px||0px||false|false&#8221; custom_margin_tablet=&#8221;&#8221; custom_margin_phone=&#8221;-50px|0px|0px|0px|false|false&#8221; custom_margin_last_edited=&#8221;on|phone&#8221; custom_padding=&#8221;4%||0%||false|false&#8221; custom_padding_tablet=&#8221;&#8221; custom_padding_phone=&#8221;10%|0px|0%|0px|false|false&#8221; custom_padding_last_edited=&#8221;on|phone&#8221; content_font_size_tablet=&#8221;15px&#8221; content_font_size_phone=&#8221;14px&#8221; content_font_size_last_edited=&#8221;on|phone&#8221; global_colors_info=&#8221;{}&#8221;][\/et_pb_fullwidth_header][\/et_pb_section][et_pb_section fb_built=&#8221;1&#8243; admin_label=&#8221;Products&#8221; _builder_version=&#8221;4.21.0&#8243; custom_margin=&#8221;|0px||0px|true|false&#8221; custom_padding=&#8221;|0px|0px|0px|false|false&#8221; da_disable_devices=&#8221;off|off|off&#8221; border_color_all=&#8221;rgba(0,0,0,0)&#8221; locked=&#8221;off&#8221; global_colors_info=&#8221;{}&#8221; da_is_popup=&#8221;off&#8221; da_exit_intent=&#8221;off&#8221; da_has_close=&#8221;on&#8221; da_alt_close=&#8221;off&#8221; da_dark_close=&#8221;off&#8221; da_not_modal=&#8221;on&#8221; da_is_singular=&#8221;off&#8221; da_with_loader=&#8221;off&#8221; da_has_shadow=&#8221;on&#8221;][et_pb_row column_structure=&#8221;1_5,1_5,1_5,1_5,1_5&#8243; custom_padding_last_edited=&#8221;on|phone&#8221; _builder_version=&#8221;4.21.0&#8243; custom_padding=&#8221;||22px|||&#8221; custom_padding_tablet=&#8221;&#8221; custom_padding_phone=&#8221;0px||||false|false&#8221; global_colors_info=&#8221;{}&#8221;][et_pb_column type=&#8221;1_5&#8243; _builder_version=&#8221;4.21.0&#8243; global_colors_info=&#8221;{}&#8221; custom_padding__hover=&#8221;|||&#8221;][et_pb_blurb title=&#8221;Regad\u00edo y desarrollo agr\u00edcola en Portugal &#8230;&#8221; url=&#8221;@ET-DC@eyJkeW5hbWljIjp0cnVlLCJjb250ZW50IjoicG9zdF9saW5rX3VybF9wb3N0Iiwic2V0dGluZ3MiOnsicG9zdF9pZCI6IjUwNjQifX0=@&#8221; image=&#8221;https:\/\/reseed.uc.pt\/wp-content\/uploads\/2023\/08\/Mundo-Agrario-copy.jpg&#8221; _builder_version=&#8221;4.21.2&#8243; _dynamic_attributes=&#8221;url,link_option_url&#8221; header_level=&#8221;h1&#8243; header_font=&#8221;||||||||&#8221; header_text_color=&#8221;#5d7739&#8243; header_font_size=&#8221;15px&#8221; header_line_height=&#8221;1.5em&#8221; body_font=&#8221;|300|||||||&#8221; body_text_color=&#8221;#5d7739&#8243; body_line_height=&#8221;1.5em&#8221; text_orientation=&#8221;center&#8221; max_width=&#8221;300px&#8221; module_alignment=&#8221;center&#8221; custom_margin=&#8221;||82px|||&#8221; animation=&#8221;off&#8221; link_option_url=&#8221;@ET-DC@eyJkeW5hbWljIjp0cnVlLCJjb250ZW50IjoicG9zdF9saW5rX3VybF9wb3N0Iiwic2V0dGluZ3MiOnsicG9zdF9pZCI6IjUwNjQifX0=@&#8221; border_width_all_image=&#8221;0.5px&#8221; border_color_all_image=&#8221;#000000&#8243; box_shadow_style_image=&#8221;preset3&#8243; box_shadow_vertical_image=&#8221;20px&#8221; box_shadow_blur_image=&#8221;40px&#8221; box_shadow_spread_image=&#8221;-10px&#8221; box_shadow_color_image=&#8221;rgba(0,0,0,0.28)&#8221; global_colors_info=&#8221;{}&#8221;]<\/p>\n<p><span>Maria Ant\u00f3nia Pires de Almeida, Carlos Manuel Fa\u00edsca, Dulce Freire<\/span><\/p>\n<p>[\/et_pb_blurb][et_pb_blurb title=&#8221;Calamidades \u2013 Perdas de Culturas&#8221; url=&#8221;@ET-DC@eyJkeW5hbWljIjp0cnVlLCJjb250ZW50IjoicG9zdF9saW5rX3VybF9wb3N0Iiwic2V0dGluZ3MiOnsicG9zdF9pZCI6IjUxMDAifX0=@&#8221; image=&#8221;https:\/\/reseed.uc.pt\/wp-content\/uploads\/2023\/10\/Capa_livro-Pobreza-e-fome.png&#8221; _builder_version=&#8221;4.21.2&#8243; _dynamic_attributes=&#8221;link_option_url,url&#8221; header_level=&#8221;h1&#8243; header_font=&#8221;||||||||&#8221; header_text_color=&#8221;#5d7739&#8243; header_font_size=&#8221;15px&#8221; header_line_height=&#8221;1.5em&#8221; body_font=&#8221;|300|||||||&#8221; body_text_color=&#8221;#5d7739&#8243; body_line_height=&#8221;1.5em&#8221; text_orientation=&#8221;center&#8221; max_width=&#8221;300px&#8221; module_alignment=&#8221;center&#8221; min_height=&#8221;397.6px&#8221; custom_margin=&#8221;||82px|||&#8221; animation=&#8221;off&#8221; link_option_url=&#8221;@ET-DC@eyJkeW5hbWljIjp0cnVlLCJjb250ZW50IjoicG9zdF9saW5rX3VybF9wb3N0Iiwic2V0dGluZ3MiOnsicG9zdF9pZCI6IjUxMDAifX0=@&#8221; hover_enabled=&#8221;0&#8243; border_width_all_image=&#8221;0.5px&#8221; border_color_all_image=&#8221;#000000&#8243; box_shadow_style_image=&#8221;preset3&#8243; box_shadow_vertical_image=&#8221;20px&#8221; box_shadow_blur_image=&#8221;40px&#8221; box_shadow_spread_image=&#8221;-10px&#8221; box_shadow_color_image=&#8221;rgba(0,0,0,0.28)&#8221; global_colors_info=&#8221;{}&#8221; sticky_enabled=&#8221;0&#8243;]<\/p>\n<p>In\u00eas Gomes<\/p>\n<p>[\/et_pb_blurb][et_pb_blurb title=&#8221;Assist\u00eancia na doen\u00e7a: as boticas mon\u00e1sticas &#8230;&#8221; url=&#8221;@ET-DC@eyJkeW5hbWljIjp0cnVlLCJjb250ZW50IjoicG9zdF9saW5rX3VybF9wb3N0Iiwic2V0dGluZ3MiOnsicG9zdF9pZCI6IjQ5MTAifX0=@&#8221; image=&#8221;https:\/\/reseed.uc.pt\/wp-content\/uploads\/2023\/07\/Publication-9.jpg&#8221; _builder_version=&#8221;4.21.0&#8243; _dynamic_attributes=&#8221;url,link_option_url&#8221; header_level=&#8221;h1&#8243; header_font=&#8221;||||||||&#8221; header_text_color=&#8221;#5d7739&#8243; header_font_size=&#8221;15px&#8221; header_line_height=&#8221;1.5em&#8221; body_font=&#8221;|300|||||||&#8221; body_text_color=&#8221;#5d7739&#8243; body_line_height=&#8221;1.5em&#8221; text_orientation=&#8221;center&#8221; max_width=&#8221;300px&#8221; module_alignment=&#8221;center&#8221; custom_margin=&#8221;||82px|||&#8221; animation=&#8221;off&#8221; link_option_url=&#8221;@ET-DC@eyJkeW5hbWljIjp0cnVlLCJjb250ZW50IjoicG9zdF9saW5rX3VybF9wb3N0Iiwic2V0dGluZ3MiOnsicG9zdF9pZCI6IjQ5MTAifX0=@&#8221; border_width_all_image=&#8221;0.5px&#8221; border_color_all_image=&#8221;#000000&#8243; box_shadow_style_image=&#8221;preset3&#8243; box_shadow_vertical_image=&#8221;20px&#8221; box_shadow_blur_image=&#8221;40px&#8221; box_shadow_spread_image=&#8221;-10px&#8221; box_shadow_color_image=&#8221;rgba(0,0,0,0.28)&#8221; global_colors_info=&#8221;{}&#8221;]<\/p>\n<p>Anabela Ramos<\/p>\n<p>[\/et_pb_blurb][\/et_pb_column][et_pb_column type=&#8221;1_5&#8243; _builder_version=&#8221;4.16&#8243; custom_padding=&#8221;|||&#8221; global_colors_info=&#8221;{}&#8221; custom_padding__hover=&#8221;|||&#8221;][et_pb_blurb title=&#8221;Capital Seeds and Hybrid Landscapes &#8230;&#8221; url=&#8221;@ET-DC@eyJkeW5hbWljIjp0cnVlLCJjb250ZW50IjoicG9zdF9saW5rX3VybF9wb3N0Iiwic2V0dGluZ3MiOnsicG9zdF9pZCI6IjQ5NDAifX0=@&#8221; image=&#8221;https:\/\/reseed.uc.pt\/wp-content\/uploads\/2023\/07\/Publication-1.png&#8221; _builder_version=&#8221;4.21.2&#8243; _dynamic_attributes=&#8221;url,link_option_url&#8221; header_level=&#8221;h1&#8243; header_font=&#8221;||||||||&#8221; header_text_color=&#8221;#5d7739&#8243; header_font_size=&#8221;15px&#8221; header_line_height=&#8221;1.5em&#8221; body_font=&#8221;|300|||||||&#8221; body_text_color=&#8221;#5d7739&#8243; body_line_height=&#8221;1.5em&#8221; text_orientation=&#8221;center&#8221; max_width=&#8221;300px&#8221; module_alignment=&#8221;center&#8221; custom_margin=&#8221;||82px|||&#8221; animation=&#8221;off&#8221; link_option_url=&#8221;@ET-DC@eyJkeW5hbWljIjp0cnVlLCJjb250ZW50IjoicG9zdF9saW5rX3VybF9wb3N0Iiwic2V0dGluZ3MiOnsicG9zdF9pZCI6IjQ5NDAifX0=@&#8221; border_width_all_image=&#8221;0.5px&#8221; border_color_all_image=&#8221;#000000&#8243; box_shadow_style_image=&#8221;preset3&#8243; box_shadow_vertical_image=&#8221;20px&#8221; box_shadow_blur_image=&#8221;40px&#8221; box_shadow_spread_image=&#8221;-10px&#8221; box_shadow_color_image=&#8221;rgba(0,0,0,0.28)&#8221; global_colors_info=&#8221;{}&#8221;]<\/p>\n<p>In\u00eas Gomes<\/p>\n<p>[\/et_pb_blurb][et_pb_blurb title=&#8221;Do manuscrito \u00e0 mesa \u2013 Cozinhar receitas do s\u00e9culo XVIII&#8221; url=&#8221;@ET-DC@eyJkeW5hbWljIjp0cnVlLCJjb250ZW50IjoicG9zdF9saW5rX3VybF9wb3N0Iiwic2V0dGluZ3MiOnsicG9zdF9pZCI6IjQ1OTgifX0=@&#8221; image=&#8221;https:\/\/reseed.uc.pt\/wp-content\/uploads\/2022\/12\/capa.jpg&#8221; _builder_version=&#8221;4.21.0&#8243; _dynamic_attributes=&#8221;url,link_option_url&#8221; header_level=&#8221;h1&#8243; header_font=&#8221;||||||||&#8221; header_text_color=&#8221;#5d7739&#8243; header_font_size=&#8221;15px&#8221; header_line_height=&#8221;1.5em&#8221; body_font=&#8221;|300|||||||&#8221; body_text_color=&#8221;#5d7739&#8243; body_line_height=&#8221;1.5em&#8221; text_orientation=&#8221;center&#8221; max_width=&#8221;300px&#8221; module_alignment=&#8221;center&#8221; custom_margin=&#8221;||82px|||&#8221; animation=&#8221;off&#8221; link_option_url=&#8221;@ET-DC@eyJkeW5hbWljIjp0cnVlLCJjb250ZW50IjoicG9zdF9saW5rX3VybF9wb3N0Iiwic2V0dGluZ3MiOnsicG9zdF9pZCI6IjQ1OTgifX0=@&#8221; border_width_all_image=&#8221;0.5px&#8221; border_color_all_image=&#8221;#000000&#8243; box_shadow_style_image=&#8221;preset3&#8243; box_shadow_vertical_image=&#8221;20px&#8221; box_shadow_blur_image=&#8221;40px&#8221; box_shadow_spread_image=&#8221;-10px&#8221; box_shadow_color_image=&#8221;rgba(0,0,0,0.28)&#8221; global_colors_info=&#8221;{}&#8221;]<\/p>\n<p><span>Dulce Freire, Maria Jos\u00e9 Pires, Ricardo Bonacho<\/span><\/p>\n<p>[\/et_pb_blurb][et_pb_blurb title=&#8221;Caldo de unto do Minho&#8221; url=&#8221;@ET-DC@eyJkeW5hbWljIjp0cnVlLCJjb250ZW50IjoicG9zdF9saW5rX3VybF9wb3N0Iiwic2V0dGluZ3MiOnsicG9zdF9pZCI6IjQ5MDIifX0=@&#8221; image=&#8221;https:\/\/reseed.uc.pt\/wp-content\/uploads\/2023\/07\/Publication-10.jpg&#8221; _builder_version=&#8221;4.21.0&#8243; _dynamic_attributes=&#8221;url,link_option_url&#8221; header_level=&#8221;h1&#8243; header_font=&#8221;||||||||&#8221; header_text_color=&#8221;#5d7739&#8243; header_font_size=&#8221;15px&#8221; header_line_height=&#8221;1.5em&#8221; body_font=&#8221;|300|||||||&#8221; body_text_color=&#8221;#5d7739&#8243; body_line_height=&#8221;1.5em&#8221; text_orientation=&#8221;center&#8221; max_width=&#8221;300px&#8221; module_alignment=&#8221;center&#8221; custom_margin=&#8221;||82px|||&#8221; animation=&#8221;off&#8221; link_option_url=&#8221;@ET-DC@eyJkeW5hbWljIjp0cnVlLCJjb250ZW50IjoicG9zdF9saW5rX3VybF9wb3N0Iiwic2V0dGluZ3MiOnsicG9zdF9pZCI6IjQ5MDIifX0=@&#8221; border_width_all_image=&#8221;0.5px&#8221; border_color_all_image=&#8221;#000000&#8243; box_shadow_style_image=&#8221;preset3&#8243; box_shadow_vertical_image=&#8221;20px&#8221; box_shadow_blur_image=&#8221;40px&#8221; box_shadow_spread_image=&#8221;-10px&#8221; box_shadow_color_image=&#8221;rgba(0,0,0,0.28)&#8221; global_colors_info=&#8221;{}&#8221;]<\/p>\n<p>Anabela Ramos<\/p>\n<p>[\/et_pb_blurb][\/et_pb_column][et_pb_column type=&#8221;1_5&#8243; _builder_version=&#8221;4.16&#8243; custom_padding=&#8221;|||&#8221; global_colors_info=&#8221;{}&#8221; custom_padding__hover=&#8221;|||&#8221;][et_pb_blurb title=&#8221;Hist\u00f3ria e Ci\u00eancias da Conserva\u00e7\u00e3o &#8230;&#8221; url=&#8221;@ET-DC@eyJkeW5hbWljIjp0cnVlLCJjb250ZW50IjoicG9zdF9saW5rX3VybF9wb3N0Iiwic2V0dGluZ3MiOnsicG9zdF9pZCI6IjQ5MzYifX0=@&#8221; image=&#8221;https:\/\/reseed.uc.pt\/wp-content\/uploads\/2023\/07\/Publication-2.png&#8221; _builder_version=&#8221;4.21.0&#8243; _dynamic_attributes=&#8221;url,link_option_url&#8221; header_level=&#8221;h1&#8243; header_font=&#8221;||||||||&#8221; header_text_color=&#8221;#5d7739&#8243; header_font_size=&#8221;15px&#8221; header_line_height=&#8221;1.5em&#8221; body_font=&#8221;|300|||||||&#8221; body_text_color=&#8221;#5d7739&#8243; body_line_height=&#8221;1.5em&#8221; text_orientation=&#8221;center&#8221; max_width=&#8221;300px&#8221; module_alignment=&#8221;center&#8221; custom_margin=&#8221;||82px|||&#8221; animation=&#8221;off&#8221; link_option_url=&#8221;@ET-DC@eyJkeW5hbWljIjp0cnVlLCJjb250ZW50IjoicG9zdF9saW5rX3VybF9wb3N0Iiwic2V0dGluZ3MiOnsicG9zdF9pZCI6IjQ5MzYifX0=@&#8221; border_width_all_image=&#8221;0.5px&#8221; border_color_all_image=&#8221;#000000&#8243; box_shadow_style_image=&#8221;preset3&#8243; box_shadow_vertical_image=&#8221;20px&#8221; box_shadow_blur_image=&#8221;40px&#8221; box_shadow_spread_image=&#8221;-10px&#8221; box_shadow_color_image=&#8221;rgba(0,0,0,0.28)&#8221; global_colors_info=&#8221;{}&#8221;]<\/p>\n<p>In\u00eas Gomes, Dulce Freire<\/p>\n<p>[\/et_pb_blurb][et_pb_blurb title=&#8221;Poderes pol\u00edticos e a mobiliza\u00e7\u00e3o das elites &#8230;&#8221; url=&#8221;@ET-DC@eyJkeW5hbWljIjp0cnVlLCJjb250ZW50IjoicG9zdF9saW5rX3VybF9wb3N0Iiwic2V0dGluZ3MiOnsicG9zdF9pZCI6IjQ5MjQifX0=@&#8221; image=&#8221;https:\/\/reseed.uc.pt\/wp-content\/uploads\/2023\/07\/Publication-6.png&#8221; _builder_version=&#8221;4.21.2&#8243; _dynamic_attributes=&#8221;link_option_url,url&#8221; header_level=&#8221;h1&#8243; header_font=&#8221;||||||||&#8221; header_text_color=&#8221;#5d7739&#8243; header_font_size=&#8221;15px&#8221; header_line_height=&#8221;1.5em&#8221; body_font=&#8221;|300|||||||&#8221; body_text_color=&#8221;#5d7739&#8243; body_line_height=&#8221;1.5em&#8221; text_orientation=&#8221;center&#8221; max_width=&#8221;300px&#8221; module_alignment=&#8221;center&#8221; custom_margin=&#8221;||82px|||&#8221; animation=&#8221;off&#8221; link_option_url=&#8221;@ET-DC@eyJkeW5hbWljIjp0cnVlLCJjb250ZW50IjoicG9zdF9saW5rX3VybF9wb3N0Iiwic2V0dGluZ3MiOnsicG9zdF9pZCI6IjQ5MjQifX0=@&#8221; border_width_all_image=&#8221;0.5px&#8221; border_color_all_image=&#8221;#000000&#8243; box_shadow_style_image=&#8221;preset3&#8243; box_shadow_vertical_image=&#8221;20px&#8221; box_shadow_blur_image=&#8221;40px&#8221; box_shadow_spread_image=&#8221;-10px&#8221; box_shadow_color_image=&#8221;rgba(0,0,0,0.28)&#8221; global_colors_info=&#8221;{}&#8221;]<\/p>\n<p>Leonardo Aboim Pires<\/p>\n<p>[\/et_pb_blurb][et_pb_blurb title=&#8221;Culin\u00e1ria minhota: identidades em (re)constru\u00e7\u00e3o&#8221; url=&#8221;@ET-DC@eyJkeW5hbWljIjp0cnVlLCJjb250ZW50IjoicG9zdF9saW5rX3VybF9wb3N0Iiwic2V0dGluZ3MiOnsicG9zdF9pZCI6IjQ4OTkifX0=@&#8221; image=&#8221;https:\/\/reseed.uc.pt\/wp-content\/uploads\/2023\/07\/Publication-11.jpg&#8221; _builder_version=&#8221;4.21.0&#8243; _dynamic_attributes=&#8221;link_option_url,url&#8221; header_level=&#8221;h1&#8243; header_font=&#8221;||||||||&#8221; header_text_color=&#8221;#5d7739&#8243; header_font_size=&#8221;15px&#8221; header_line_height=&#8221;1.5em&#8221; body_font=&#8221;|300|||||||&#8221; body_text_color=&#8221;#5d7739&#8243; body_line_height=&#8221;1.5em&#8221; text_orientation=&#8221;center&#8221; max_width=&#8221;300px&#8221; module_alignment=&#8221;center&#8221; custom_margin=&#8221;||82px|||&#8221; animation=&#8221;off&#8221; link_option_url=&#8221;@ET-DC@eyJkeW5hbWljIjp0cnVlLCJjb250ZW50IjoicG9zdF9saW5rX3VybF9wb3N0Iiwic2V0dGluZ3MiOnsicG9zdF9pZCI6IjQ4OTkifX0=@&#8221; border_width_all_image=&#8221;0.5px&#8221; border_color_all_image=&#8221;#000000&#8243; box_shadow_style_image=&#8221;preset3&#8243; box_shadow_vertical_image=&#8221;20px&#8221; box_shadow_blur_image=&#8221;40px&#8221; box_shadow_spread_image=&#8221;-10px&#8221; box_shadow_color_image=&#8221;rgba(0,0,0,0.28)&#8221; global_colors_info=&#8221;{}&#8221;]<\/p>\n<p>Anabela Ramos, Dulce Freire<\/p>\n<p>[\/et_pb_blurb][\/et_pb_column][et_pb_column type=&#8221;1_5&#8243; _builder_version=&#8221;4.16&#8243; custom_padding=&#8221;|||&#8221; global_colors_info=&#8221;{}&#8221; custom_padding__hover=&#8221;|||&#8221;][et_pb_blurb title=&#8221;Seeds of knowledge: paving the way &#8230;&#8221; url=&#8221;@ET-DC@eyJkeW5hbWljIjp0cnVlLCJjb250ZW50IjoicG9zdF9saW5rX3VybF9wb3N0Iiwic2V0dGluZ3MiOnsicG9zdF9pZCI6IjQ5MzIifX0=@&#8221; image=&#8221;https:\/\/reseed.uc.pt\/wp-content\/uploads\/2023\/07\/Publication-3.jpg&#8221; _builder_version=&#8221;4.21.0&#8243; _dynamic_attributes=&#8221;url,link_option_url&#8221; header_level=&#8221;h1&#8243; header_font=&#8221;||||||||&#8221; header_text_color=&#8221;#5d7739&#8243; header_font_size=&#8221;15px&#8221; header_line_height=&#8221;1.5em&#8221; body_font=&#8221;|300|||||||&#8221; body_text_color=&#8221;#5d7739&#8243; body_line_height=&#8221;1.5em&#8221; text_orientation=&#8221;center&#8221; max_width=&#8221;300px&#8221; module_alignment=&#8221;center&#8221; custom_margin=&#8221;||82px|||&#8221; animation=&#8221;off&#8221; link_option_url=&#8221;@ET-DC@eyJkeW5hbWljIjp0cnVlLCJjb250ZW50IjoicG9zdF9saW5rX3VybF9wb3N0Iiwic2V0dGluZ3MiOnsicG9zdF9pZCI6IjQ5MzIifX0=@&#8221; border_width_all_image=&#8221;0.5px&#8221; border_color_all_image=&#8221;#000000&#8243; box_shadow_style_image=&#8221;preset3&#8243; box_shadow_vertical_image=&#8221;20px&#8221; box_shadow_blur_image=&#8221;40px&#8221; box_shadow_spread_image=&#8221;-10px&#8221; box_shadow_color_image=&#8221;rgba(0,0,0,0.28)&#8221; global_colors_info=&#8221;{}&#8221;]<\/p>\n<p>In\u00eas Gomes, Dulce Freire<\/p>\n<p>[\/et_pb_blurb][et_pb_blurb title=&#8221;The State and Natural Resources: 250 Years &#8230;&#8221; url=&#8221;@ET-DC@eyJkeW5hbWljIjp0cnVlLCJjb250ZW50IjoicG9zdF9saW5rX3VybF9wb3N0Iiwic2V0dGluZ3MiOnsicG9zdF9pZCI6IjQ5MjAifX0=@&#8221; image=&#8221;https:\/\/reseed.uc.pt\/wp-content\/uploads\/2023\/07\/Publication-7-scaled.jpg&#8221; _builder_version=&#8221;4.21.2&#8243; _dynamic_attributes=&#8221;url,link_option_url&#8221; header_level=&#8221;h1&#8243; header_font=&#8221;||||||||&#8221; header_text_color=&#8221;#5d7739&#8243; header_font_size=&#8221;15px&#8221; header_line_height=&#8221;1.5em&#8221; body_font=&#8221;|300|||||||&#8221; body_text_color=&#8221;#5d7739&#8243; body_line_height=&#8221;1.5em&#8221; text_orientation=&#8221;center&#8221; max_width=&#8221;300px&#8221; module_alignment=&#8221;center&#8221; custom_margin=&#8221;||82px|||&#8221; animation=&#8221;off&#8221; link_option_url=&#8221;@ET-DC@eyJkeW5hbWljIjp0cnVlLCJjb250ZW50IjoicG9zdF9saW5rX3VybF9wb3N0Iiwic2V0dGluZ3MiOnsicG9zdF9pZCI6IjQ5MjAifX0=@&#8221; border_width_all_image=&#8221;0.5px&#8221; border_color_all_image=&#8221;#000000&#8243; box_shadow_style_image=&#8221;preset3&#8243; box_shadow_vertical_image=&#8221;20px&#8221; box_shadow_blur_image=&#8221;40px&#8221; box_shadow_spread_image=&#8221;-10px&#8221; box_shadow_color_image=&#8221;rgba(0,0,0,0.28)&#8221; global_colors_info=&#8221;{}&#8221;]<\/p>\n<p>Carlos Manuel Fa\u00edsca, Dulce Freire, Cl\u00e1udia M. Viana<\/p>\n<p>[\/et_pb_blurb][et_pb_blurb title=&#8221;Receitas e Rem\u00e9dios de Francisco Borges &#8230;&#8221; url=&#8221;@ET-DC@eyJkeW5hbWljIjp0cnVlLCJjb250ZW50IjoicG9zdF9saW5rX3VybF9wb3N0Iiwic2V0dGluZ3MiOnsicG9zdF9pZCI6IjQ4ODgifX0=@&#8221; image=&#8221;https:\/\/reseed.uc.pt\/wp-content\/uploads\/2023\/07\/Publication-12.png&#8221; _builder_version=&#8221;4.21.0&#8243; _dynamic_attributes=&#8221;url,link_option_url&#8221; header_level=&#8221;h1&#8243; header_font=&#8221;||||||||&#8221; header_text_color=&#8221;#5d7739&#8243; header_font_size=&#8221;15px&#8221; header_line_height=&#8221;1.5em&#8221; body_font=&#8221;|300|||||||&#8221; body_text_color=&#8221;#5d7739&#8243; body_line_height=&#8221;1.5em&#8221; text_orientation=&#8221;center&#8221; max_width=&#8221;300px&#8221; module_alignment=&#8221;center&#8221; custom_margin=&#8221;||82px|||&#8221; animation=&#8221;off&#8221; link_option_url=&#8221;@ET-DC@eyJkeW5hbWljIjp0cnVlLCJjb250ZW50IjoicG9zdF9saW5rX3VybF9wb3N0Iiwic2V0dGluZ3MiOnsicG9zdF9pZCI6IjQ4ODgifX0=@&#8221; border_width_all_image=&#8221;0.5px&#8221; border_color_all_image=&#8221;#000000&#8243; box_shadow_style_image=&#8221;preset3&#8243; box_shadow_vertical_image=&#8221;20px&#8221; box_shadow_blur_image=&#8221;40px&#8221; box_shadow_spread_image=&#8221;-10px&#8221; box_shadow_color_image=&#8221;rgba(0,0,0,0.28)&#8221; global_colors_info=&#8221;{}&#8221;]<\/p>\n<p>Dulce Freire (Coord.), Anabela Ramos; Carlos Manuel Fa\u00edsca, In\u00eas Gomes, Ana Isabel Silva, Filipe Covelo, Leonor Garcia<\/p>\n<p>[\/et_pb_blurb][\/et_pb_column][et_pb_column type=&#8221;1_5&#8243; _builder_version=&#8221;4.16&#8243; custom_padding=&#8221;|||&#8221; global_colors_info=&#8221;{}&#8221; custom_padding__hover=&#8221;|||&#8221;][et_pb_blurb title=&#8221;%22Ense\u00f1ando, fomenta%22: A atua\u00e7\u00e3o &#8230;&#8221; url=&#8221;@ET-DC@eyJkeW5hbWljIjp0cnVlLCJjb250ZW50IjoicG9zdF9saW5rX3VybF9wb3N0Iiwic2V0dGluZ3MiOnsicG9zdF9pZCI6IjQ5MjgifX0=@&#8221; image=&#8221;https:\/\/reseed.uc.pt\/wp-content\/uploads\/2023\/07\/Publication-4.jpg&#8221; _builder_version=&#8221;4.21.0&#8243; _dynamic_attributes=&#8221;url,link_option_url&#8221; header_level=&#8221;h1&#8243; header_font=&#8221;||||||||&#8221; header_text_color=&#8221;#5d7739&#8243; header_font_size=&#8221;15px&#8221; header_line_height=&#8221;1.5em&#8221; body_font=&#8221;|300|||||||&#8221; body_text_color=&#8221;#5d7739&#8243; body_line_height=&#8221;1.5em&#8221; text_orientation=&#8221;center&#8221; max_width=&#8221;300px&#8221; module_alignment=&#8221;center&#8221; custom_margin=&#8221;||82px|||&#8221; animation=&#8221;off&#8221; link_option_url=&#8221;@ET-DC@eyJkeW5hbWljIjp0cnVlLCJjb250ZW50IjoicG9zdF9saW5rX3VybF9wb3N0Iiwic2V0dGluZ3MiOnsicG9zdF9pZCI6IjQ5MjgifX0=@&#8221; border_width_all_image=&#8221;0.5px&#8221; border_color_all_image=&#8221;#000000&#8243; box_shadow_style_image=&#8221;preset3&#8243; box_shadow_vertical_image=&#8221;20px&#8221; box_shadow_blur_image=&#8221;40px&#8221; box_shadow_spread_image=&#8221;-10px&#8221; box_shadow_color_image=&#8221;rgba(0,0,0,0.28)&#8221; global_colors_info=&#8221;{}&#8221;]<\/p>\n<p>Carlos Manuel Fa\u00edsca<\/p>\n<p>[\/et_pb_blurb][et_pb_blurb title=&#8221;Estat\u00edsticas agr\u00edcolas regionais em Portugal &#8230;&#8221; url=&#8221;@ET-DC@eyJkeW5hbWljIjp0cnVlLCJjb250ZW50IjoicG9zdF9saW5rX3VybF9wb3N0Iiwic2V0dGluZ3MiOnsicG9zdF9pZCI6IjQ5MTUifX0=@&#8221; image=&#8221;https:\/\/reseed.uc.pt\/wp-content\/uploads\/2023\/07\/Publication-8.jpg&#8221; _builder_version=&#8221;4.21.0&#8243; _dynamic_attributes=&#8221;url,link_option_url&#8221; header_level=&#8221;h1&#8243; header_font=&#8221;||||||||&#8221; header_text_color=&#8221;#5d7739&#8243; header_font_size=&#8221;15px&#8221; header_line_height=&#8221;1.5em&#8221; body_font=&#8221;|300|||||||&#8221; body_text_color=&#8221;#5d7739&#8243; body_line_height=&#8221;1.5em&#8221; text_orientation=&#8221;center&#8221; max_width=&#8221;300px&#8221; module_alignment=&#8221;center&#8221; custom_margin=&#8221;||82px|||&#8221; animation=&#8221;off&#8221; link_option_url=&#8221;@ET-DC@eyJkeW5hbWljIjp0cnVlLCJjb250ZW50IjoicG9zdF9saW5rX3VybF9wb3N0Iiwic2V0dGluZ3MiOnsicG9zdF9pZCI6IjQ5MTUifX0=@&#8221; border_width_all_image=&#8221;0.5px&#8221; border_color_all_image=&#8221;#000000&#8243; box_shadow_style_image=&#8221;preset3&#8243; box_shadow_vertical_image=&#8221;20px&#8221; box_shadow_blur_image=&#8221;40px&#8221; box_shadow_spread_image=&#8221;-10px&#8221; box_shadow_color_image=&#8221;rgba(0,0,0,0.28)&#8221; global_colors_info=&#8221;{}&#8221;]<\/p>\n<p>Dulce Freire, Carlos Manuel Fa\u00edsca<\/p>\n<p>[\/et_pb_blurb][\/et_pb_column][\/et_pb_row][\/et_pb_section]<\/p>\n","protected":false},"excerpt":{"rendered":"<p>Maria Ant\u00f3nia Pires de Almeida, Carlos Manuel Fa\u00edsca, Dulce FreireIn\u00eas GomesAnabela RamosIn\u00eas GomesDulce Freire, Maria Jos\u00e9 Pires, Ricardo BonachoAnabela RamosIn\u00eas Gomes, Dulce FreireLeonardo Aboim PiresAnabela Ramos, Dulce FreireIn\u00eas Gomes, Dulce FreireCarlos Manuel Fa\u00edsca, Dulce Freire, Cl\u00e1udia M. VianaDulce Freire (Coord.), Anabela Ramos; Carlos Manuel Fa\u00edsca, In\u00eas Gomes, Ana Isabel Silva, Filipe Covelo, Leonor GarciaCarlos Manuel [&hellip;]<\/p>\n","protected":false},"author":3,"featured_media":0,"parent":0,"menu_order":0,"comment_status":"closed","ping_status":"closed","template":"","meta":{"_et_pb_use_builder":"on","_et_pb_old_content":"","_et_gb_content_width":"","footnotes":""},"class_list":["post-2870","page","type-page","status-publish","hentry"],"_links":{"self":[{"href":"https:\/\/reseed.uc.pt\/index.php\/wp-json\/wp\/v2\/pages\/2870","targetHints":{"allow":["GET"]}}],"collection":[{"href":"https:\/\/reseed.uc.pt\/index.php\/wp-json\/wp\/v2\/pages"}],"about":[{"href":"https:\/\/reseed.uc.pt\/index.php\/wp-json\/wp\/v2\/types\/page"}],"author":[{"embeddable":true,"href":"https:\/\/reseed.uc.pt\/index.php\/wp-json\/wp\/v2\/users\/3"}],"replies":[{"embeddable":true,"href":"https:\/\/reseed.uc.pt\/index.php\/wp-json\/wp\/v2\/comments?post=2870"}],"version-history":[{"count":59,"href":"https:\/\/reseed.uc.pt\/index.php\/wp-json\/wp\/v2\/pages\/2870\/revisions"}],"predecessor-version":[{"id":5104,"href":"https:\/\/reseed.uc.pt\/index.php\/wp-json\/wp\/v2\/pages\/2870\/revisions\/5104"}],"wp:attachment":[{"href":"https:\/\/reseed.uc.pt\/index.php\/wp-json\/wp\/v2\/media?parent=2870"}],"curies":[{"name":"wp","href":"https:\/\/api.w.org\/{rel}","templated":true}]}}